+ 2 - (-28 + (-7 - -31))
7
What is (-23 - -2) + (-478 - -498)?
-1
What is (5 - (-13 - -17)) + 1?
2
Evaluate -3 + -9 + (-7 - -12) + -6.
-13
-19 + 3 + -4 - (3 + (0 - 0))
-23
What is -39 + (24 - 11) - -11?
-15
(-14 - -3 - -8 - (-5 + 0)) + -13
-11
What is the value of -6 - (-10 - -5) - -16 - (5 + -2)?
12
Calculate 7 + 1 + 12 + (6 - (1 - -10)).
15
Evaluate 2 + 4 + -2 + (1 - 1) + 10.
14
What is 28 + 0 - (187 + -170)?
11
Calculate 26 + 15 + -16 - 28.
-3
Calculate -22 + 9 + -4 + (-5 - -9).
-13
What is the value of (3 - (-11 + 12) - 35) + 6?
-27
Calculate -1 + 32 + -25 - -4.
10
What is the value of 6 - (14 - (-4 - -6)) - -13?
7
What is 0 + -7 + 8 - 7 - 0?
-6
Calculate -2 + -1 - (-10 + -9 + 16) - 12.
-12
Calculate 19 - (-6 - (-1 + (2 + -18 - -4))).
12
0 + -6 + 45 + -43 + 7
3
Calculate (30 + 2 + 2 - 7) + -1 + -9.
17
What is (-2 - -6 - -4) + 2?
10
Evaluate -5 + 1 - (-126 + 112).
10
What is the value of (-103 - -107) + -2 + 4 + -32?
-26
What is the value of -19 - -8 - (21 + -21 + -9)?
-2
What is the value of -1 - (35 + -13 - 10)?
-13
-1 + 7 + -2 - 12
-8
Calculate -1 + (-3 + (-18 - -6) - (-8 - -9)).
-17
What is -6 + 1 - 1 - (-35 + 51 - 2)?
-20
What is the value of (-23 - -56) + -28 + 10?
15
(0 - -6) + 17 + -34 + -3 + -19
-33
-20 - ((11 - -4) + -24)
-11
Calculate (3 + -7 + 4 - -7) + -8.
-1
Evaluate -14 + (-4 - 13 - -25).
-6
What is the value of 10 - -2 - (11 - 10 - -5 - 5)?
11
Calculate 4 + (-16 - (7 + -15)).
-4
Evaluate -1 - (-15 - (-20 - -17)) - -3.
14
Calculate -1 + (11 - 7) + (-1 - 0) - 8.
-6
-1 + -20 + ((-5 - 13) + -4 - -30)
-13
What is the value of 125 - 125 - (0 - -3)?
-3
Calculate 25 + -6 + -10 + -14.
-5
What is (-1 - (-1 - (-11 + 7))) + 18 + -6?
8
-22 + (0 - -11) + -15 + 0 + 10
-16
What is 1 - (3 + 3 - -1)?
-6
What is the value of (82 - 93) + (-5 - (1 + (-3 - -2)))?
-16
Calculate 2 + (-4 + -2 - 1) - 0.
-5
(-1500 - -1504) + (-23 - (0 + 1)) - 8
-28
Calculate (-18 + 36 - (-3 + 7)) + -2.
12
Evaluate (48 + -51 - (1 + 4)) + (0 - -3).
-5
(0 - 0) + (78 - 75) + 1 + 17
21
Calculate -14 + (6 + (4 - -1) - 0).
-3
6 + 2 + -15 + 8
1
What is -7 - (7 + -14) - (-7 + 2 + 0)?
5
25 - (-2 - (-8 - (-6 - (-6 + 0))))
19
(0 + -3 - (-2 - 3)) + -2 - -2
2
What is (-9 + 5 - -46) + -6 + (-4 - 4)?
28
Evaluate (-9 - -21) + -2 + -3.
7
What is (-4 - -7 - 15 - -42) + -10?
20
-1 - (-1 + 0 - (-13 + -17 + 35))
5
Evaluate 223 + -232 - (-1 + 0).
-8
What is the value of (-3 - (-4 + 1)) + 83 + -96?
-13
Calculate 6 + 0 + 3 + (14 - 19 - -5).
9
What is the value of 2 - (-13 - (2 + -24)) - (-1 - -2)?
-8
Calculate 1 + (-6 - -1) + 6 - (-4 - -20).
-14
What is the value of 28 - (16 - (0 - -2)) - -10?
24
Calculate 26 + -16 + -10 + 8.
8
What is the value of 0 - (0 - -2) - (17 - 43 - -13)?
11
Evaluate (-3 - 27) + (50 - -5).
25
Calculate -1 + 18 + -7 + 11 + -17 + 9.
13
What is 3 - -29 - (46 - -4)?
-18
Calculate (7 - (-8 + 12)) + (-1 - 4).
-2
What is the value of 39 - (-24 - -44) - -9?
28
What is -1 - 1 - (-156 + 150)?
4
What is (-21 + 1 - 0) + (-983 - -992)?
-11
3 + 4 + 6 + 4 + -11
6
Evaluate 29 + -11 - 37 - 9.
-28
Evaluate (7 - (-16 - (-14 - 11))) + -8.
-10
What is 25 + 2 + -7 + 9 + -9?
20
Evaluate -6 + (-11 + 9 + -2 - (0 + 6)).
-16
Calculate (-2 - -20) + -52 + 17.
-17
Evaluate (11 - (-2 + 8)) + (16 - 23).
-2
Calculate 27 + -5 + (2 - -5) + -12.
17
Evaluate (0 - 2 - (0 + -19)) + -6 - 3.
8
Calculate (21 + -9 + -8 - 9) + (-1 - -1).
-5
-17 + -6 + 1 + 0 - -17
-5
What is the value of (-29 - (28 - 43)) + (5 - 3)?
-12
19 - (-1 - -12) - (9 + 0)
-1
-9 - (-7 - (1 + -4))
-5
-3 + (29 - 16 - 3)
7
What is the value of 6 + -2 + (42 - 27) + -4?
15
10 - (-11 + (-10 - -31))
0
What is 0 + -13 + 435 + -412?
10
-1 + (13 - 10) + (6 - 2) + -13
-7
Evaluate -19 + 4 + (16 - 5).
-4
-139 - -109 - (-2 - 43)
15
Evaluate 88 + -3 + -59 + (5 - (2 + 0)).
29
Evaluate -19 - (-2 + 3 + -7).
-13
1 + (-11 - -2) - (44 + -56 + 4)
0
-4 - (-28 + -9) - 33
0
What is the value of 1 - (2 - 1 - (5 - -5))?
10
Calculate -1 - (1 + -2 + 13 + (-4 - 8)).
-1
What is 50 + -21 - 25 - -29?
33
Calculate (86 - 78) + (-1 + -2 - -11).
16
-11 - (-8 - (-5 - (5 - 2)) - -3)
-14
What is the value of -72 + 42 + (2 - (0 + -2))?
-26
Calculate (13 + -30 - -5) + -7.
-19
-5 + -8 + 19 + -9 + 14
11
Calculate -16 + 1 - ((25 - -3) + -71).
28
What is the value of 28 - 33 - 17 - -15?
-7
Calculate -9 + 10 + (-3 - 1 - 2).
-5
19 - (-3 + 9 + -1 + (1 - 14))
27
Evaluate -73 - -66 - ((-1 - -1) + -2 - -2).
-7
What is -16 + 0 + 0 - (852 - 840)?
-28
Evaluate -16 + -2 + 39 + (-8 - -1).
14
-8 + -1 + -2 + 12
1
What is the value of 0 - 18 - (9 - (5 + -2 + 12))?
-12
Calculate (8 - 4) + 2 + -133 + 126.
-1
Evaluate 2 - 9 - (-8 + 0 - 2).
3
Evaluate -10 - (4 - (7 - 10 - -7)).
-10
What is 1 + (8 + 0 - (127 + -115))?
-3
Evaluate -10 - (-8 - (-14 + 10 + 17)).
11
Evaluate 2 + 0 - ((-84 - -71) + 21).
-6
What is (24 - (22 - -10)) + (2 - 0) + 3?
-3
3 + 14 - ((-2 - (-12 + 5)) + -9)
21
Evaluate 0 + 2 + (16 - 1) + (81 - 86).
12
Evaluate -13 + (-3 + -9 + 3 - -38).
16
3 - (1 - (-4 + -2 - -3))
-1
Calculate (-19 - -5) + 1 + -2.
-15
What is the value of (0 + -15 - -43) + (3 - 12)?
19
Evaluate -8 + (2 - 2) + -4 + 9 - 8.
-11
Evaluate 3 + 3 + -11 + (2 - 2) + 8.
3
Calculate 8 + -6 - (21 + -10).
-9
What is the value of -5 + 14 + (29 - 18) + -18?
2
What is -5 + 3 + -3 + -8 + 9 + -3?
-7
-4 - (-5 + (1 - -3)) - (-5 - -3)
-1
-7 - (-16 + 29 + -42 - 9)
31
What is the value of -3 - (-12 - -11 - 9)?
7
10 - (-4 + -2 + 10)
6
0 + (-180 - -213 - (16 - 1))
18
Calculate -3 - (-8 - -15) - -17.
7
Evaluate -22 - ((-12 - 21) + -9).
20
Calculate -1 + -3 + (-2 - 4).
-10
-13 - (-2 + -7 - (-49 + 40))
-13
What is -33 - -44 - (15 + -19)?
15
What is -9 + 45 - (-4 + (8 - (2 - 3)))?
31
What is (-52 - -16) + 19 - -21?
4
Calculate -14 + (-3 + 17 - -2).
2
What is 1 - -9 - (-12 + -29 + 66)?
-15
Calculate -5 + (-9 - -4) - -19 - (-1 - -6).
4
What is -5 + 1 - (23 - (-22 + 43))?
-6
Calculate -17 + (22 - 18) - 0.
-13
Calculate 26 + (11 - 15 - 8) - -11.
25
What is the value of -2 + 3 - 8 - (-48 + 57 - 10)?
-6
What is the value of -10 - (-15 + 11 + -10)?
4
Calculate -216 - -223 - (5 + 2).
0
-2 + (-22 - -28) + (3 - 9)
-2
Calculate 189 + -180 - (-3 + 0).
12
What is the value of 8 - 13 - (20 + -14)?
-11
Calculate -4 - -3 - -4 - ((26 - 0) + -45).
22
What is -2 - (1 - (14 + -16 + 12))?
7
What is the value of 22 + (42 + -9 - 36)?
19
What is the value of 35 + (-14 - 8) + (2 - 2)?
13
(38 - 0) + 1050 + -1084 + (-1 - -33)
36
What is 13 - (-6 + 0 + 3 + 6)?
10
Calculate -21 - -14 - 13 - -5.
-15
What is the value of 6 + 13 + -16 + 2?
5
Evaluate 7 + -7 + 12 + -5 + -17.
-10
What is the value of (49 - 53 - (-6 + -2) - -4) + -7?
1
Calculate -14 + -89 + 62 + 20 + -1.
-22
Evaluate -3 + (13 - (-15 + 14)).
11
What is (-1 - -2) + 12 + 2 + -11 + 21?
25
Evaluate (-27 - -8) + 6 + 18.
5
0 + 2 - -4 - (6 - (-4 - -7))
3
What is 14 - (8 - (18 + -15)) - (-1 - -3)?
7
Calculate -2 + 1 - (-44 + 51).
-8
Evaluate 214 - 272 - (-28 + -3).
-27
Evaluate -13 + (3 - (8 + -19)).
1
Evaluate 8 + -7 + 12 - 4.
9
Evaluate 15 - (-5 - (-6 + (8 - 9))).
13
What is the value of (0 + -5 - -17) + (-41 - -9)?
-20
Calculate (30 - 25) + -3 + 0 + (4 - -1).
7
0 - -1 - (-2 - -9) - (-430 - -422)
2
Evaluate -2 + 13 + 1 - (235 + -246).
23
What is -17 - (-16 + 1 - (582 - 578))?
2
-17 + (-44 + 25 - -46)
10
Calculate -275 + 269 + (-2 - 12).
-20
Evaluate 2 - 0 - -11 - (-1540 + 1535).
18
What is the value of 140 + -156 + (1 - -4)?
-11
11 - (1 + -7 + 6)
11
Evaluate (6 - -1 - ((28 - 18) + -8)) + -13.
-8
Evaluate -2 - 3 - (-16 + 13).
-2
What is the value of -22 + (32 - (-12 + 23)) + -10?
-11
What is the value of 24 + (-7 - (-15 + 19 - 0))?
13
Evaluate -21 - (-10 - -8) - -13.
-6
Evaluate (-14 - -8) + -2 + 2 + 39 + 1.
34
Calculate -13 - 1 - (-786 - -794).
-22
Evaluate 2 + (-5 - 0) - (2 - -6).
-11
-27 + 73 + -19 + 1
28
What is the value of -17 - (28 + -21 + -17)?
-7
-3 + (-41 - -35) + (1 - (-3 + 3))
-8
Evaluate 4 + (-14 - 0) + -2 + 9.
-3
(-46 - -54) + (1 - 22)
-13
Evaluate -11 - -1 - (24 + 19 + -46).
-7
Evaluate 28 + -1 + -9 + (119 - 111).
26
Evaluate 37 - 2 - (-3 + 13 + -15 + 0).
40
What is the value of -6 + -38 + 33 + 1 + 10?
0
What is -3 - -2 - (-59 + 83) - -13?
-12
-31 - 0 - (-53 - -29)
-7
What is the value of (-4 - (6 - (2 + 9))) + -14?
-13
Calculate ((3 - 1 - 7) + -1 - -14) + 7.
15
Evaluate (0 - (-3 - -2)) + 624 + -627.
